re the prime factors of 3416777222?
2, 1708388611
What are the prime factors of 128334306?
2, 3, 53, 403567
List the prime factors of 87243065.
5, 7, 13, 17, 11279
What are the prime factors of 8830425?
3, 5, 281, 419
List the prime factors of 34088680.
2, 5, 43, 19819
List the prime factors of 509939528.
2, 7, 9106063
What are the prime factors of 60893187?
3, 277, 73277
List the prime factors of 326701750.
2, 5, 17, 76871
What are the prime factors of 24930881?
3329, 7489
What are the prime factors of 3158432?
2, 89, 1109
What are the prime factors of 22350423?
3, 181, 41161
What are the prime factors of 158553323?
83, 257, 7433
What are the prime factors of 333643571?
333643571
What are the prime factors of 583744134?
2, 3, 97290689
What are the prime factors of 331511068?
2, 7, 449, 3767
List the prime factors of 219574108.
2, 13, 17, 19, 769
List the prime factors of 475109082.
2, 3, 7, 37, 223, 457
List the prime factors of 267060786.
2, 3, 17, 59, 199, 223
List the prime factors of 249858744.
2, 3, 10410781
List the prime factors of 266641035.
3, 5, 2029, 8761
What are the prime factors of 1053979804?
2, 17, 15499703
List the prime factors of 22856496.
2, 3, 13, 36629
List the prime factors of 3752513303.
7, 11, 479, 101741
List the prime factors of 96341786.
2, 4423, 10891
What are the prime factors of 27142239?
3, 9047413
List the prime factors of 270332356.
2, 7, 211, 45757
What are the prime factors of 285016820?
2, 5, 11, 73, 17747
List the prime factors of 2600383486.
2, 569, 2285047
What are the prime factors of 129635862?
2, 3, 31, 59, 11813
What are the prime factors of 45103902?
2, 3, 157, 47881
What are the prime factors of 345463378?
2, 13, 241, 4241
List the prime factors of 31150747.
19, 1639513
List the prime factors of 1207835865.
3, 5, 347, 77351
List the prime factors of 921875811.
3, 23, 2111, 6329
List the prime factors of 123557429.
29, 4260601
List the prime factors of 60971250.
2, 3, 5, 71, 229
List the prime factors of 567662508.
2, 3, 7, 2252629
What are the prime factors of 319343351?
17, 787, 23869
List the prime factors of 285976544.
2, 7, 271, 673
List the prime factors of 773611883.
11, 70328353
List the prime factors of 1340605057.
11, 17, 461, 15551
What are the prime factors of 208790318?
2, 11, 83, 114343
What are the prime factors of 601548567?
3, 2767, 72467
What are the prime factors of 1913280911?
5419, 353069
List the prime factors of 41946945.
3, 5, 307, 9109
What are the prime factors of 55048043?
167, 329629
List the prime factors of 73557024.
2, 3, 131, 5849
List the prime factors of 1632382444.
2, 7, 11, 481813
List the prime factors of 4911762870.
2, 3, 5, 7, 7796449
What are the prime factors of 35653910?
2, 5, 23, 155017
What are the prime factors of 4468819438?
2, 29, 8101, 9511
List the prime factors of 128291090.
2, 5, 179, 71671
What are the prime factors of 58268601?
3, 2129, 3041
What are the prime factors of 3254114044?
2, 9547, 85213
What are the prime factors of 78035705?
5, 11, 1418831
List the prime factors of 39317234.
2, 11, 827, 2161
What are the prime factors of 541671267?
3, 937, 192697
What are the prime factors of 131266473?
3, 13, 3365807
What are the prime factors of 104424888?
2, 3, 1373, 3169
List the prime factors of 28448669.
31, 67, 13697
What are the prime factors of 329661392?
2, 23, 43, 83, 251
What are the prime factors of 223174368?
2, 3, 17, 79, 577
What are the prime factors of 36144401?
36144401
What are the prime factors of 47012264?
2, 13, 452041
List the prime factors of 8926705.
5, 467, 3823
List the prime factors of 390827633.
7, 31, 37, 48677
List the prime factors of 706835885.
5, 7, 23, 71, 83, 149
What are the prime factors of 24119433?
3, 13, 23, 8963
List the prime factors of 30366085.
5, 19, 37, 53, 163
List the prime factors of 768652888.
2, 29, 3313159
What are the prime factors of 361589360?
2, 5, 11, 193, 2129
List the prime factors of 1032785534.
2, 11, 5419, 8663
List the prime factors of 403247008.
2, 31, 406499
What are the prime factors of 1751212940?
2, 5, 31, 769, 3673
List the prime factors of 1509079109.
43, 613, 57251
List the prime factors of 513264703.
7, 37, 347, 5711
What are the prime factors of 1661567928?
2, 3, 743, 93179
What are the prime factors of 64962676?
2, 37, 438937
List the prime factors of 576478964.
2, 10399, 13859
What are the prime factors of 1397851989?
3, 465950663
List the prime factors of 317843589.
3, 7, 31, 488239
What are the prime factors of 82419893?
17, 4848229
What are the prime factors of 2004473102?
2, 1002236551
What are the prime factors of 2328246?
2, 3, 129347
List the prime factors of 628262552.
2, 271, 289789
What are the prime factors of 30130159?
29, 337, 3083
What are the prime factors of 93001141?
93001141
What are the prime factors of 17738642?
2, 8869321
List the prime factors of 409321136.
2, 7, 151, 24203
What are the prime factors of 138771449?
43, 3227243
What are the prime factors of 1011496141?
17, 19, 443, 7069
List the prime factors of 1218093291.
3, 59, 2293961
What are the prime factors of 227307893?
2927, 77659
List the prime factors of 2064561135.
3, 5, 7, 13, 149, 10151
List the prime factors of 190621978.
2, 5483, 17383
List the prime factors of 298313433.
3, 11, 17, 19, 491
What are the prime factors of 673184548?
2, 168296137
What are the prime factors of 258587803?
853, 303151
List the prime factors of 1431717425.
5, 193, 296729
List the prime factors of 179859384.
2, 3, 199, 12553
What are the prime factors of 53730030?
2, 3, 5, 17, 137, 769
List the prime factors of 157814193.
3, 107, 491633
List the prime factors of 86011083.
3, 9556787
What are the prime factors of 1542071299?
2473, 623563
List the prime factors of 250148176.
2, 31, 271, 1861
List the prime factors of 64938194.
2, 32469097
What are the prime factors of 51280717?
79, 649123
List the prime factors of 101041273.
101041273
What are the prime factors of 487964093?
487964093
What are the prime factors of 335760770?
2, 5, 43, 523, 1493
List the prime factors of 33756071.
53, 613, 1039
What are the prime factors of 3716313871?
3716313871
List the prime factors of 10968662.
2, 19, 288649
List the prime factors of 978832945.
5, 2083, 93983
List the prime factors of 636581146.
2, 29, 109, 100693
List the prime factors of 7206547485.
3, 5, 480436499
List the prime factors of 123300415.
5, 7, 503267
List the prime factors of 15797018.
2, 19, 199, 2089
What are the prime factors of 597010879?
17, 313, 112199
List the prime factors of 319936085.
5, 7, 9141031
List the prime factors of 157903539.
3, 52634513
What are the prime factors of 51990466?
2, 11, 2363203
List the prime factors of 501827869.
23, 21818603
What are the prime factors of 116163589?
29, 109, 36749
List the prime factors of 36448019.
36448019
What are the prime factors of 4701640346?
2, 13, 461, 392261
What are the prime factors of 60768434?
2, 30384217
List the prime factors of 916924123.
41, 61, 523, 701
List the prime factors of 593935864.
2, 2267, 32749
What are the prime factors of 1556831535?
3, 5, 7, 2017, 7351
List the prime factors of 57051816.
2, 3, 29, 81971
What are the prime factors of 37157620?
2, 5, 37, 149, 337
List the prime factors of 1178746903.
1178746903
List the prime factors of 2968330.
2, 5, 296833
List the prime factors of 45822756.
2, 3, 7, 19, 28711
What are the prime factors of 408036664?
2, 7, 7286369
What are the prime factors of 14596044?
2, 3, 1216337
List the prime factors of 294529210.
2, 5, 1123, 26227
What are the prime factors of 1389870872?
2, 13, 1028011
List the prime factors of 2450359885.
5, 359, 1365103
List the prime factors of 14701454.
2, 1453, 5059
List the prime factors of 54225829.
7, 19, 407713
List the prime factors of 67755683.
67755683
What are the prime factors of 62738212?
2, 15684553
List the prime factors of 33600572.
2, 8400143
What are the prime factors of 662243313?
3, 17, 12985163
List the prime factors of 75533258.
2, 37766629
What are the prime factors of 538784218?
2, 7, 47, 818821
What are the prime factors of 1169475?
3, 5, 31, 503
What are the prime factors of 355323067?
11, 23, 1404439
List the prime factors of 1075343328.
2, 3, 3733831
List the prime factors of 2068553560.
2,